*2) is divided by i(3).
5
Suppose -4*k + 0*k + 104 = 0. What is the remainder when k is divided by ((-1)/2)/(17/(-306))?
8
Suppose -2*o - 4*b - 9 - 5 = 0, 5 = -b. Let y = -102 + 108. What is the remainder when y is divided by o?
0
Let a(i) be the first derivative of -1/3*i**3 - 2 - 10*i + 6*i**2. Calculate the remainder when 28 is divided by a(10).
8
Suppose 0 = -6*d + 3*d - 3*h + 12, -d - 3*h = -2. Suppose 3 = d*i - 12. Suppose 0 = -i*q + 7*q - 68. Calculate the remainder when 32 is divided by q.
15
Suppose -3*u = u - 76. Let c = 1 + 6. Calculate the remainder when u is divided by c.
5
Let b = -47 + 49. Calculate the remainder when b is divided by 1.
0
Let a = 0 + 3. Suppose -a*n + 0*n = -30. What is the remainder when 2/(-6) + (-58)/(-3) is divided by n?
9
Let b = 10 + 1. Let s = b - 8. Suppose 0*y + 42 = s*y. Calculate the remainder when 27 is divided by y.
13
Suppose 44 - 25 = w. Suppose 11 = 5*f - 24. Calculate the remainder when w is divided by f.
5
Let z(h) = 5*h + 0 + 4*h**2 + 2 - h**2. Suppose 8*i - 24 - 16 = 0. What is the remainder when z(-3) is divided by i?
4
Let s = 15 - 13. Suppose y + s*h = 24, 86 = 4*y - 2*h - 20. What is the remainder when 49 is divided by y?
23
Calculate the remainder when 35/1 + 0/(-2) is divided by ((-2)/(-4))/((-5)/(-120)).
11
Suppose 74 = 2*o + 2*r, 4*o - 6*r = -5*r + 168. What is the remainder when o is divided by 21?
20
What is the remainder when 42 - (-4 + (-5)/(-5)) is divided by 23?
22
Let w(l) = -l**2 - 8*l + 7. Calculate the remainder when w(-7) is divided by 290/35 + -2 + 36/21.
6
Let k(f) be the first derivative of -f**3/3 + 4*f**2 + 2*f - 3. What is the remainder when 5 is divided by k(8)?
1
Let i = 49 + -32. Calculate the remainder when i is divided by 6.
5
Let s(x) = 19*x**3 + x**2 - x. Calculate the remainder when (-590)/(-8) + (-3)/(-12) is divided by s(1).
17
Suppose 105 = 5*v - u, 3*v + 4*u = v + 20. Suppose 2*k = -3*k + v. Let p = 10 - 7. What is the remainder when k is divided by p?
1
Let u(v) = -v**3 - 7*v**2 - 7*v + 1. What is the remainder when 24 is divided by u(-6)?
3
Suppose 4*m - 47 = 485. What is the remainder when m is divided by 27?
25
Let f(m) = -m**3 - 7*m**2 + 2*m + 1. Let o be f(-7). Let c be 3/(-12)*o*8. Suppose -w + c = w. Calculate the remainder when 50 is divided by w.
11
Suppose -5*v + 2*p = -53, -2*v + 3*p = -4*v + 6. What is the remainder when 26 is divided by v?
8
Let k(r) = -r - 4. Let s be k(-6). Calculate the remainder when 39 is divided by 22 - (-1 + s + 1).
19
Let f be 12/54 + (-1114)/(-9). Suppose -2*k - 28 = -f. Calculate the remainder when k is divided by 17.
14
What is the remainder when 59 is divided by (-1 - (-13)/5)/((-6)/(-75))?
19
Let o(j) = -j**2 + 7*j + 3. Let r(m) = 2*m**2 + 10*m + 15. What is the remainder when o(5) is divided by r(-4)?
6
Calculate the remainder when 52 is divided by (-42)/9*(-12)/8 - 1.
4
Let y be (-4)/6 - 22/(-6). Let j(z) = z**2. Let r be j(y). Suppose -2*b + 48 = -l, -2*b = 4*l - r*l - 32. What is the remainder when b is divided by 14?
12
Let c(y) = 4*y**2 - y + 1. Let h = 6 + -5. What is the remainder when 13 is divided by c(h)?
1
Let q(j) = -j**2 - 5*j + 8. Let x be q(-6). Let s = 3 + 0. Suppose 3*y - 7 = -v, x*v - 5 = -s*y + 9. What is the remainder when 19 is divided by v?
5
Suppose 3*u = -0*u - 21. Let a be (-2)/u + 76/28. Suppose -g + 36 = a*g. Calculate the remainder when 16 is divided by g.
7
Suppose 0 = -d + 2 + 4. Suppose d = g + 1. What is the remainder when (108/(-90))/(1/(-15)) is divided by g?
3
Suppose 5*z - 6 = 44. What is the remainder when 19 is divided by (-6)/(-1)*z/6?
9
Let g(u) = 2*u - 8. Calculate the remainder when 15 + -1 + 4 + -6 is divided by g(8).
4
Let j = -10 + -9. Let v = j - -30. What is the remainder when v is divided by 6?
5
Let c be (25/(-15))/(1/(-12)). Suppose -2*a - c = -2. Let y = a + 17. What is the remainder when 22 is divided by y?
6
Let w(l) = l**2 - 8*l + 8. Let j be w(7). Let u = j + 1. Suppose b = -3*v - 2*v + 20, 0 = -b. Calculate the remainder when v is divided by u.
0
Let j(v) be the second derivative of v**4 + v**3/6 + v**2/2 + 4*v. What is the remainder when 46 is divided by j(-1)?
10
Let h(x) = 2*x - 6. Let l be h(5). Suppose -3*z = 4*t - 10, 0*t = l*z - 3*t - 5. Let c = 1 - -4. What is the remainder when c is divided by z?
1
Suppose -4*v + 156 = n, -4*n - 4*v + 607 = -5*v. Suppose -3*b - b + n = 0. Calculate the remainder when b is divided by 20.
18
Suppose 2*d = 3*d - 5. Calculate the remainder when 12 is divided by d.
2
Calculate the remainder when 20 is divided by ((-2)/8 - -1)*12.
2
Let y = 3 + -9. Let r be 4/y + (-2)/(-3). Suppose r = -0*j - j + 16. Calculate the remainder when 31 is divided by j.
15
Let a = 26 - 15. Suppose 3*t + 18 = s, -5*t = 1 + 24. Suppose 5*z - 64 = s*z. What is the remainder when z is divided by a?
10
Let h(j) = 58*j**2 + j + 1. Suppose 0 = -3*u - 2*f - 0*f + 58, 4*f - 96 = -5*u. Calculate the remainder when h(-1) is divided by u.
18
Let x = 19 + -16. Let h = x + -1. Calculate the remainder when 5 is divided by h.
1
Let j = -19 - -9. Let m be 36/j - 4/10. Let t = 6 + m. Calculate the remainder when 4 is divided by t.
0
What is the remainder when 4/6 + (-340)/(-3) is divided by 2 + (29 + -2 - 0)?
27
Suppose -3 = -p + 8. Let t = 1 + p. Calculate the remainder when t is divided by 5.
2
Let b(k) be the second derivative of 7*k**4/3 + k**3/6 - k**2 - 6*k. Calculate the remainder when 51 is divided by b(1).
24
Let s(n) = 8*n + 21. What is the remainder when s(4) is divided by 10?
3
Let t be (6 - 3) + 4 + -2. Suppose -9 = -t*c - 2*g, -2*c + 5*g = -20 - 1. Calculate the remainder when 3 is divided by c.
0
Suppose 6*h - 20 = 2*h. Suppose -4*j = -h*j + 102. Suppose -40 = -5*r + 2*t + 71, t = -5*r + j. Calculate the remainder when 41 is divided by r.
20
Suppose 3*b + 3*l = 48, -4*l = b - 3*b + 14. Let y(f) = -16*f + 2. What is the remainder when y(-3) is divided by b?
11
Let z(q) = 7*q**2 - 3*q - 4. Calculate the remainder when z(-3) is divided by 23.
22
Suppose 0 = -3*o + 2*o + 4. Suppose -o*f - 6 + 162 = 0. What is the remainder when f is divided by 20?
19
Let n = -14 + 27. Let x = n - -36. Let m(d) = 6*d - 7. Calculate the remainder when x is divided by m(4).
15
Suppose 0*d = 3*d - 210. Let j(v) = 19*v**2 - 1. Let c = 2 - 1. Calculate the remainder when d is divided by j(c).
16
Let f(h) = -h**2 + 12*h + 4. Let b be f(6). Let t be 6/(-9) + b/6. Let y(u) = -u**2 + 8*u - 7. Calculate the remainder when 9 is divided by y(t).
4
Suppose -6*k - 18 = -9*k. Suppose 3*s - 11 = -2*j, 2*s = -j + k*j - 18. Calculate the remainder when 1 is divided by s.
0
Suppose b + 4 = -c + 32, 0 = -4*b - c + 103. Calculate the remainder when b is divided by 7.
4
Let w(k) = -k**2 - 9*k + 3. Calculate the remainder when 16 is divided by w(-9).
1
Suppose -y + 2 = -2. Calculate the remainder when 76/5*10/y is divided by 13.
12
Let h be 1/(-1 - (-4)/5). Let c = h - -37. What is the remainder when c is divided by 11?
10
Let n be (0 + (5 - 3))*1. Calculate the remainder when (n - 24)*(-4)/8 is divided by 4.
3
Suppose -7 = -s + 32. Calculate the remainder when s is divided by 14.
11
Suppose 24 = 4*k - k. Calculate the remainder when 21 is divided by k.
5
Let p(s) = -1 + 11 - 1 + s. Calculate the remainder when 19 is divided by p(-4).
4
Suppose 0 = 2*z - 0*z - 30. Let r = z + 3. What is the remainder when 34 is divided by r?
16
Suppose -2*r + 6 = 0, a - 2*r + 3 = 10. Calculate the remainder when 62 is divided by a.
10
Suppose -2*s - 6 = -4*y, 0 = -4*s + 2*s + 5*y - 9. Suppose 0 = s*f + 9 + 3. Calculate the remainder when 33 is divided by (-8)/12*102/f.
16
Let z(h) = 16*h - 4*h + 2 + 4*h. Calculate the remainder when z(2) is divided by 9.
7
Suppose 5*t + 2*f = 322, -f = 5*t - 47 - 279. Let x = t - 13. What is the remainder when x is divided by 14?
11
Calculate the remainder when (-1)/2 + 1020/24 is divided by 15.
12
Let w = -31 + 23. Calculate the remainder when 105 is divided by 2/w - (-435)/12.
33
Let m be 3 + 2 + -2 + -3. Suppose -10 = -2*i + 2*p + 12, m = -5*i + p + 63. Calculate the remainder when i is divided by 8.
5
Let t(w) = -w + 12. Let c be (2 - -1) + -2 + 5. Let s be t(c). Suppose s*d - 2*d + 36 = f, 0 = -4*d + 8. What is the remainder when f is divided by 15?
14
Suppose 0 